der when (y/8)/(3/72) is divided by (-2 + (-28)/12)*-12.
50
Suppose 0 = 7894*b - 7959*b + 91455. Calculate the remainder when b is divided by 464.
15
Let w(r) = 88*r - 345. Calculate the remainder when 27 is divided by w(4).
6
Let i be 1300/(-7) + 8 + (-406)/49. Let f = i - -193. Let w = 1 - -18. What is the remainder when w is divided by f?
5
Let z = -33 + 29. Let k be z*((-100)/16 + 4). Suppose 4*v = c - 38, -4*c - 3*v + k = -200. Calculate the remainder when 196 is divided by c.
46
Calculate the remainder when 69 is divided by (-1)/((-53)/(-6095)*(-15)/3).
0
Suppose -3 = 5*c - 4*y - 20, y = -3. Suppose 6*p - 8*p + 4*f + 152 = 0, 0 = -4*p + 2*f + 328. What is the remainder when p is divided by (3/(-6))/(c/(-58))?
26
Let a be ((-1)/(-3))/((-4)/(-48)). Suppose 4 = -a*m + 132. Suppose -3*t - 372 = -4*d, 0 = 4*d + 2*t - 7*t - 372. What is the remainder when d is divided by m?
29
Let p(f) = -f**3 + 9*f**2 + 23*f - 13. Suppose -40*b = -39*b - 11. Let w be p(b). What is the remainder when 27 is divided by (w - 0)*-7 + (1 - -1)?
11
Suppose -276*m + 272*m = -3*c + 45, 2*c = m + 35. Let d = 1 + 13. What is the remainder when c is divided by d?
5
Let o(v) = 7*v**3 - 9*v**2 - 5*v + 2. Let u = -816 - -818. What is the remainder when 67/(-1 - 4/(-3)) is divided by o(u)?
9
Suppose p + 196 = 19*n - 14*n, 136 = 3*n + 4*p. What is the remainder when 6398 is divided by n?
38
Suppose 0 = 26*w - 21*w - 40. Suppose -7 = -3*h + w. Let d = -412 + 421. Calculate the remainder when d is divided by h.
4
Let v(j) = 66*j - 453. Let s = -31 + 37. What is the remainder when v(7) is divided by s?
3
Suppose 528 = 18*y - 2*y. Suppose 6*a - 15 = y. Let j = 44 + -21. What is the remainder when j is divided by a?
7
What is the remainder when 5334 is divided by 2/3*44 + 80/(-240)?
27
Calculate the remainder when 174 is divided by (3 + 497)/20 + 40.
44
Let u(g) be the first derivative of -3*g + 17 - 41/2*g**2. Calculate the remainder when u(-5) is divided by 51.
49
Let s = 161 - 97. Suppose c = -5*f - 185, -s - 121 = 5*f + 4*c. Let l = -1 - f. What is the remainder when 143 is divided by l?
35
Let c be (-7 - -6)/((-2)/14). Suppose 26 = u + c. Suppose -u - 41 = -3*z. Calculate the remainder when z is divided by 5.
0
Let h(d) = -4*d - 4. Let z be h(-2). Let v = -93 + 162. Suppose 0*t + t + 5*f = 42, 0 = -3*t + z*f + v. What is the remainder when t is divided by 7?
6
Suppose -4*c - 1 = -21. Suppose 2*n + 3 = -c. What is the remainder when (-1 - -2) + (-64)/n is divided by 9?
8
Let c(g) = 38*g - 26. What is the remainder when 993 is divided by c(1)?
9
Let u(w) = 20*w + 8. Let f(r) = r**2 + 16*r + 55. Let j be f(-11). What is the remainder when 51 is divided by u(j)?
3
Calculate the remainder when 805 + (2 - (-3)/3) is divided by 254.
46
Let o = 124 + 116. Suppose -24 - 127 = -3*i + 5*f, 4*i + 3*f - o = 0. Calculate the remainder when i is divided by 17.
6
Let n be (-4 + 1)*(-4)/4. Suppose 0 = p - n - 22. Suppose 0 = 97*l - 57*l - 1880. Calculate the remainder when l is divided by p.
22
Let y = 313 + -311. Suppose y*a + 65 = b, 4*b + 20*a - 22*a = 260. What is the remainder when b is divided by 17?
14
Suppose -5*f = 24 - 64. Suppose -f*j + 10670 = -6*j. Calculate the remainder when 4/(-14) + j/77 is divided by 24.
21
Suppose -4*z = 0, k - 3*z - 44 = -k. Suppose -n + c + 5 = n, 5*n + 2*c - 17 = 0. Suppose -k = x - n*x. What is the remainder when 20 is divided by x?
9
Let z = -2150 + 3413. Suppose 0 = -6*q + z - 549. Calculate the remainder when q is divided by 24.
23
Calculate the remainder when 36/10*(-6 - (-1284)/9) is divided by 179.
134
Let w = -459 + 474. Suppose w*j - 279 = 51. What is the remainder when 129 is divided by j?
19
Suppose -2*d - 148 = 4*m, 3*m = 2*m + 4. Suppose 2425 = 31*t - 1574. Let c = d + t. What is the remainder when 138 is divided by c?
44
Suppose -2*y + 143 = 9*z - 4*z, -148 = -5*z + 3*y. What is the remainder when -35*(-5 - -1)/4 is divided by z?
6
Calculate the remainder when (-1106 - 51)*(-4)/26 is divided by 13.
9
Suppose 9*k - 134 = 46. Calculate the remainder when 36 is divided by k.
16
Suppose -n - 2*g - 56 = -6*n, -2*n = -4*g - 16. Let h = -54 - -57. Suppose 2*b - 29 = a + 34, 5*a = h*b - 98. Calculate the remainder when b is divided by n.
7
Suppose 0 = -y + 153 + 165. Suppose 3*w - y = -3*w. Calculate the remainder when w is divided by 14*(20/8)/5.
4
Suppose -2*a - 52 = -t, -t + 5*a - 36 = -88. Calculate the remainder when t is divided by 52.
0
Let j = -375 - -363. Calculate the remainder when -3*(-1191)/27 + (-8)/j is divided by 8.
5
Suppose -2*t + 3*p = 2, 3*p - 8*p = -3*t - 4. Suppose t*r = 4*o - 354, 0 = o + 3*r - 97 + 5. What is the remainder when o is divided by 34?
21
Suppose 77*b - 48*b = 2494. Calculate the remainder when 2232 is divided by b.
82
Let u(b) = -2*b**2 - 15*b + 5. Let l be u(-5). Suppose -3*p - 57 - 3 = 0. What is the remainder when l/p*74/(-3) is divided by 20?
17
Suppose 0 = m + 2*m - 117. What is the remainder when m*-5*(-1)/5 is divided by (-1 - 6)/(2/(-6))?
18
Let m(o) = -o**2 - o + 29. Let a be m(-19). Let d = a + 388. What is the remainder when d is divided by 26?
23
Let s(h) = h - 1. Let p(l) = -7*l + 33. Let m(z) = -p(z) - 4*s(z). Let f be m(13). Suppose -35*o + 33*o = -f. What is the remainder when 6 is divided by o?
1
Let c(y) = -4*y + 54. Let k(h) = 4*h - 55. Let v(m) = 4*c(m) + 5*k(m). Let j be v(17). Suppose -2*n - j = -31. What is the remainder when 64 is divided by n?
9
Let y be 2/(-5)*(-6 - 7 - -8). Calculate the remainder when 144 is divided by ((-4758)/(-364) + (-3)/(-7))*y.
9
Let q = -41 - -55. Suppose 12*k = q*k - 74. Calculate the remainder when k is divided by 19.
18
Suppose -b - 2*b = -162. Calculate the remainder when b is divided by ((455/26)/35)/((-1)/(-56)).
26
Let m = -25847 - -35928. Calculate the remainder when m is divided by 131.
125
Let j = 45437 - 8015. What is the remainder when j is divided by 25?
22
Let o = -1240 - -1446. Calculate the remainder when o is divided by 53.
47
Suppose -2*g - 5*u + 82 = -g, -4*u + 81 = g. What is the remainder when g is divided by (-250)/1125 - (-353)/9?
38
Suppose 3*f - 567 + 66 = 0. Suppose -75*p - 44*p + 2394 = -62*p. What is the remainder when f is divided by p?
41
Let r(m) = -201*m - 4. What is the remainder when r(-1) is divided by 30?
17
Let j = 3 + -36. Let i = -11 - j. What is the remainder when i is divided by (-15)/(-12) - ((-108)/16 + 5)?
1
Let q(c) = c**2 - 5*c + 9. Let z be q(5). What is the remainder when 103 is divided by 217/z + 54/(-486)?
7
Let o(m) = m**3 - 78*m**2 - 1723*m - 98. What is the remainder when o(96) is divided by 149?
84
Calculate the remainder when (505 - (-4 + 3)) + 17 is divided by 214.
95
Suppose 2*q - 32 = 20. Calculate the remainder when ((-50374)/178)/(-1 + 0/3) is divided by q.
23
Suppose -245 = -8*t + 203. Let i(z) = z**2 + 5*z + 5. Calculate the remainder when t is divided by i(-8).
27
Suppose 5*j - r - 417 = -386, -5*j - r = -19. Calculate the remainder when j is divided by 3.
2
Let s = -3887 + 3996. Calculate the remainder when 3704 is divided by s.
107
Let l = 331 - 1152. Let z = -609 - l. What is the remainder when z is divided by 24?
20
Let c = -21 - -81. Calculate the remainder when c is divided by (-1 + 18/4)/((-998)/(-1996)).
4
Calculate the remainder when (-24960)/60*38/(-4) is divided by 113.
110
Let c(b) = 27*b - 1. Let n(i) = 189*i - 6. Let g(o) = -15*c(o) + 2*n(o). Calculate the remainder when 81 is divided by g(-1).
21
Let x = 2213 + -1874. What is the remainder when x is divided by 38?
35
Let t(g) = -g**2 + g + 1. Let u(f) = f**3 - 3*f**2 - 4*f - 19. Let q(c) = 5*t(c) - u(c). Calculate the remainder when q(-3) is divided by 5.
1
Let c(w) = 14*w**2 + w - 5. Suppose 0 = 2*f - 6*f + 16. Suppose -814 + 542 = -17*o. Calculate the remainder when c(f) is divided by o.
15
Suppose 70 = 5*m - 3*m + 4*v, -m + 2*v + 31 = 0. Let u(h) = 15*h**2 + 247*h - 93. Calculate the remainder when u(-17) is divided by m.
10
Let a(r) = 29*r**2 + 129*r + 18. What is the remainder when a(-8) is divided by 53?
47
What is the remainder when ((-2)/6)/(-1)*(28 + 28 + 11347) is divided by 31?
19
Suppose -2*d + 188 = 2*d. Suppose d = 2*u + 181. Let v = -23 - u. Calculate the remainder when v is divided by 23.
21
Suppose -5003 = 49*a -